z + 7/2*z**2. Suppose 0 = -9*l - 0*l - 45. Determine r(l).
-12
Let l(u) = -u**3 + u**2 - u. Suppose 5*v = -3*m - 0 + 30, 4*m + v - 23 = 0. Let n be 2/m*(-11 - -16). Calculate l(n).
-6
Let a(q) be the third derivative of 0*q + 12*q**2 + 0 + 1/8*q**4 + 0*q**3. What is a(5)?
15
Let y(j) = 2 - 5*j - 6*j + 13*j - j. Let n be 2/(-5) + (-32)/20. Calculate y(n).
0
Suppose -29 - 24 = -71*l + 18*l. Let h(i) be the third derivative of -i**5/15 - i**4/24 + i**3/6 + i**2. Calculate h(l).
-4
Let z(y) = 3*y**2 + 52*y - 14. Let c(q) = -2*q**2 - 29*q + 7. Let g(d) = -5*c(d) - 3*z(d). Determine g(5).
-23
Let y(q) be the second derivative of -q**3/3 - 9*q**2/2 + 107*q. What is y(-8)?
7
Let h = -5 + 6. Suppose -h = -2*l + 3*l. Let r(c) be the third derivative of -5*c**4/24 - 3*c**2. Calculate r(l).
5
Let m(x) = x - 1. Let z(f) = 1. Let l(q) = m(q) + 2*z(q). Give l(-4).
-3
Suppose 2*m - 3*t + 3 = -16, 2*t - 34 = 4*m. Let c(a) = 4*a + 35. What is c(m)?
3
Let d(n) = 17*n + 2. Let z be -2*((-1)/1)/(-4)*-6. Give d(z).
53
Let v(a) = 15*a + 1 + 14*a + 0 - 27*a. What is v(-10)?
-19
Suppose 0 = 3*o - 8*o + 10. Suppose -2*i = -o*q - i - 21, -3*q - 9 = 3*i. Let g be q*(-1)/(0 + 4). Let u(d) = 7*d + 1. Give u(g).
15
Let x(w) = w**2 - 16*w - 1. Let n(c) = c**2 - 14*c. Let p(y) = 6*n(y) - 5*x(y). Determine p(-4).
37
Let r(y) = -y**2 - 2*y + 10. Let x be (1 + 3 + -9 + 0)*1. What is r(x)?
-5
Let k(d) = -2*d + d**2 + 1 - 2*d**2 + 3. Let y(l) = -l**3 + 9*l**2 + 8. Let v be y(9). Suppose -2*p + 2 = v. Give k(p).
1
Let z(f) = 723 - 10*f - 717 + 2*f. Give z(-4).
38
Let j(s) = s + 13. Let a be j(-7). Let o(c) = -c**3 + 8*c**2 - 10*c - 11. Let i be o(a). Let b be i/(-6) - 6/(-36). Let z(t) = t**3 + t. Determine z(b).
0
Let t be -4 + ((-28)/(-7) - -3). Let h(x) be the third derivative of 1/24*x**4 + 0*x + 3*x**2 - 7/6*x**t + 0. What is h(5)?
-2
Let i(n) = -21*n. Let o = -478 - -477. Determine i(o).
21
Let g be 12 - 6/(-15)*-25. Let u(p) = 11*p**2 + 2*p - 3. Give u(g).
45
Suppose 2*h = n + 5*h - 16, 21 = -4*n + 5*h. Let y be (n - 2)/((-1)/(-5)). Let c(v) = -249*v**2 - 3 + 250*v**2 - 3 + 3*v. Determine c(y).
4
Let v(g) = -14*g**2 + 31*g**2 - 18*g**2 - 1 - 2*g + g. Suppose a = 2*j - 2, -4*j + 3 = -a - 1. Calculate v(a).
-1
Let v(r) = -3*r - 5*r - 48 + 41 + 3*r. Determine v(-7).
28
Let f be (-4)/((-48)/(-639)) - (-2)/8. Let v = -59 - f. Let a(m) = -m**3 - 5*m**2 + 10*m + 8. Determine a(v).
-16
Suppose 2*c - 5 - 39 = 0. Suppose -5*l = c + 13. Let n(s) = -4*s**2 + 12*s + 10. Let x(k) = -5*k**2 + 13*k + 11. Let d(y) = -6*n(y) + 5*x(y). What is d(l)?
-5
Let r be 0*2/(-20)*2. Suppose 5*x + 4*u + 5 = r, x + 5*u = -0*u + 20. Let h(v) = -2*v - 5. Determine h(x).
5
Let h(f) = 17*f**2 - 9*f + 2. Let c(z) = -14*z**2 + 8*z - 2. Let l(u) = -6*c(u) - 5*h(u). Let r = 5 - 3. What is l(r)?
-8
Let u(j) = -348 + 0*j**2 + 5*j + j**3 - 3*j + 2*j**2 + 351. What is u(-2)?
-1
Suppose -114*c = -112*c - 32. Suppose a - 21 = -c. Let s(h) be the first derivative of -h**3/3 + 2*h**2 + 3*h + 1. What is s(a)?
-2
Let c(f) be the second derivative of f**6/30 + f**5/60 - f**3/6 + 15*f**2/2 - 44*f. Let o(z) be the first derivative of c(z). Calculate o(1).
4
Let u = -40 + 53. Let n = 6 - u. Let b(z) = -2*z + z + 4 - 3. Give b(n).
8
Let n(r) = -r**2 - 21*r - 48. Suppose -2*o - 24 = 3*m, 0 = -19*o + 23*o - 3*m + 84. Calculate n(o).
6
Suppose -3*l - 5*l = 32. Let d(f) = f**2 - 3*f - 5. What is d(l)?
23
Let i(c) = -9*c - 13. Let z(s) = -5*s - 7. Suppose 0 = -2*l + l - 7. Let a(p) = l*z(p) + 4*i(p). Suppose 0 = -5*o + 2*f - 8 - 11, 25 = -5*o + 5*f. Give a(o).
0
Let d be 138/30 + (-6)/(-15). Let b = 13 - d. Let o(i) = 1. Let z(x) = x - 10. Let s(n) = -10*o(n) - 2*z(n). Calculate s(b).
-6
Suppose 0 = 5*w + 5 - 15. Let j(a) = 2*a - 3*a**2 - a**2 + 6*a**2 - a**w + 1. What is j(-3)?
4
Let v(t) = -6*t**3 + 4*t**2 + 8*t + 10. Let r(u) = -7*u**3 + 4*u**2 + 9*u + 11. Let a(o) = -5*r(o) + 6*v(o). Let w be 45/6*(-5 + 68/12). Give a(w).
-5
Let j(v) = -2*v**2 + v - 2. Suppose 8 = -53*s + 167. What is j(s)?
-17
Suppose -5*w = -2*k - k + 7, -1 = 3*w - k. Let m(d) = 3 + w - 4 + 3*d - d**2. Calculate m(2).
2
Let w(x) be the first derivative of 15 - 1/4*x**4 - 3/2*x**2 - x + 0*x**3. Determine w(-2).
13
Let q(s) = -3*s - 4. Let h(o) = 3*o + 31. Let j be h(-10). Let m(z) = -z - 1. Let n(y) = j*q(y) - 5*m(y). Give n(-5).
-9
Let r(z) = -511 - 4*z + 251 + z**2 + 257. Suppose 0 = m - 3*s + 1, -5 - 14 = -5*m + 3*s. What is r(m)?
2
Let k be 1/4 - (-91)/52. Let h(y) = -2*y + 6*y - 3 - y - k*y. Let w be 80/14 - (-2)/7. Calculate h(w).
3
Let x(l) be the first derivative of l**4/4 - 8*l**3/3 + 4*l**2 + 4*l + 13. Calculate x(7).
11
Let a(v) = v**2 - v - 6. Let n be -1*1*1*-3. Let p(z) = 2*z**2 - 5*z**2 + 3*z**2 - z**2 + 328 - 323. Let g(y) = n*p(y) + 2*a(y). Give g(-5).
-12
Let u be (7/21)/(1/42). Suppose -z = 2*z + a - u, 0 = -5*z + 3*a. Suppose 0 = 10*i - 11*i - z. Let o(m) = -2*m - 4. Give o(i).
2
Let x be (-1)/(-4) - 16/64. Let g(u) = 2 + 4*u**2 + 10*u**3 + x*u**3 - 11*u**3. Calculate g(3).
11
Let i(a) = a**2 - 3*a - 2. Suppose 0 = 6*b + 13 - 7. Determine i(b).
2
Let x(p) = -315*p + 320*p - 2 + p**2 - 1. Let f = -5 - 4. Let z = f + 4. Give x(z).
-3
Let s(f) = -7*f**3 + 9*f**2 - 9*f + 4. Let d(u) = -6*u**3 + 9*u**2 - 9*u + 3. Let l(n) = 6*d(n) - 5*s(n). What is l(8)?
-10
Let s be (0 + (-3 - -3))/(-2). Let t be s/(-4*4/8). Suppose -2*x + 5*d - 1 = t, 4*d = d + 3. Let k(g) = -g**3 + g**2 - g - 1. Give k(x).
-7
Let o(k) = -k + 733369 - 733385 + 0*k. Give o(-6).
-10
Let g(k) = -k + 5. Let t(j) = 2*j**2 - 7*j + 5. Let m be 48/9 - (-2)/(-6). Let x be t(m). Suppose -7*d - x = -11*d. What is g(d)?
0
Let c(x) = x**2 - 8*x - 19. Let h be (9 + -39)*9/(-27). Calculate c(h).
1
Suppose 26*n - 168 = -2*n. Let l(o) = o**3 - 6*o**2 + o + 4. What is l(n)?
10
Let j be ((-6)/8)/((-5)/20). Let v(k) = 5*k**2 + k - 1. Let i be v(2). Let b be i/14 - j/2. Let x(m) = m**3 + m**2 + 6. What is x(b)?
6
Let j(l) = l + 1. Let y be j(-3). Let a = y - -8. Let t(k) = -k**2 + 6*k + 4. Determine t(a).
4
Suppose -5*s + 15 = -0*s. Let o = 1 + s. Let y(n) be the third derivative of -n**5/60 + n**4/12 - 5*n**3/6 - 23*n**2. Give y(o).
-13
Let l(j) = -2*j**2 + 6*j - 6. Suppose 0 = w - 2*w + 5. Suppose -5*f + 5 = 0, -w*f - 15 = -x - 4*x. Suppose -x*s = s - 20. What is l(s)?
-14
Let j be 2 + -2 + 2 + 1. Let p(k) = j - k**3 - 3*k**2 - 2*k**2 + 0*k**3. Let y be 3*((-5)/(-2))/((-12)/8). Give p(y).
3
Suppose 5*b - 13 = -3. Let l be b/(1 + (-1)/2). Let z(x) = 5*x - 3*x + 3 + 4*x - 4*x. Determine z(l).
11
Let s(j) = -9*j**2 + 3*j. Let h(d) = 4*d**2 - d. Let o(w) = 5*h(w) + 2*s(w). Let r(b) = -b**2. Let k = -76 - -79. Let c(v) = k*o(v) + 4*r(v). Give c(-2).
2
Let n(t) = -t**2 + 9*t + 7. Let u be (180/(-63))/(4/(-14)). What is n(u)?
-3
Let r(p) be the third derivative of -1/12*p**5 + 1/8*p**4 + 7/6*p**3 - 1/120*p**6 + 0*p + 0 - 7*p**2. Let g(u) = 2*u - 1. Let b be g(-2). What is r(b)?
-8
Let m = 4 - 3. Let v(g) = -32*g + 181. Let t(b) = 13*b - 74. Let n(y) = -22*t(y) - 9*v(y). Calculate n(m).
1
Let q(c) = c**2 + 10*c. Let x = -221 + 214. Give q(x).
-21
Let l(v) = 8*v**2 + 5*v + 4. Let h = 588 + -589. Determine l(h).
7
Let z(g) = -2*g**3 + 5*g**2 + 5*g - 6. Let s be z(3). Let i(w) = -w**2 - w + 7. What is i(s)?
7
Let r = 233 - 224. Let o(f) = -f**2 + 10*f - 1. Give o(r).
8
Let o(b) = 2*b**2 + 11*b + 3. Suppose 9*p + 82 = -5*u, p - 15 = -5*u - 33. Give o(p).
43
Let j(o) = -o - 6. Let f be j(-5). Suppose -18*l = -20*l + 4. Let r(c) = 3 - l + 175*c - 179*c. Determine r(f).
5
Let b(m) = -7 + 2 - 7 + 4 + m**2 + 148*m - 142*m. Suppose -27 = 2*t - 11. Determine b(t).
8
Let s(g) = -7*g**2 + 16*g - 2. Let a(l) = l**2 - l - 5. Let i be a(0). Let h(x) = -3*x**2 + 8*x - 1. Let u(b) = i*h(b) + 2*s(b). Give u(6).
-11
Let v(x) be the third derivative of x**4/24 - x**3 - 21*x**2. Suppose -j + 0 = -6. What is v(j)?
0
Let h = 34 - 28. Suppose 8 = h*s - 10. Let v(b) = -2*b - 2 + 2*b**2 - 5 + b + 5. What is v(s)?
13
Let c(i) = 2 - 3*i**3 + 2*i**3 + 2*i**3. Let m(u) = 28*u - 730. Let j be m(26). Determine c(j).
-6
Let g(s) = -4*s**2 - 4*s + 2. Suppose 0 = 5*q + 4*l - 7, -10 = -5*q - 3*l - 6. Let u(c) = c**2 - c - 1. Let y(h) = q*g(h) - 3*u(h). Give y(-4).
-11
Let p(f) = -7 + 6*f**2 + 14 + 2*f - 5*f**2 - 5*f + 9*f. Let l(b) = 